{"id":41,"date":"2016-03-31T22:35:58","date_gmt":"2016-03-31T21:35:58","guid":{"rendered":"http:\/\/monsieuretienne.com\/v1.0\/?page_id=41"},"modified":"2016-05-13T12:26:06","modified_gmt":"2016-05-13T11:26:06","slug":"services","status":"publish","type":"page","link":"http:\/\/www.monsieuretienne.com\/noeudpapillon\/services\/","title":{"rendered":"Services"},"content":{"rendered":"<div id=\"pl-41\"  class=\"panel-layout\" ><div id=\"pg-41-0\"  class=\"panel-grid panel-no-style\" ><div id=\"pgc-41-0-0\"  class=\"panel-grid-cell\" ><div id=\"panel-41-0-0-0\" class=\"so-panel widget widget_sow-editor panel-first-child panel-last-child\" data-index=\"0\" ><div class=\"so-widget-sow-editor so-widget-sow-editor-base\">\n<div class=\"siteorigin-widget-tinymce textwidget\">\n\t<div id=\"pg-7-0\" class=\"panel-grid\">\n<div id=\"pgc-7-0-0\" class=\"panel-grid-cell\">\n<div id=\"panel-7-0-0-0\" class=\"so-panel widget widget_sow-editor panel-first-child panel-last-child\" data-index=\"0\">\n<div class=\"so-widget-sow-editor so-widget-sow-editor-base\">\n<div class=\"siteorigin-widget-tinymce textwidget\">\n<h1>Services\u00a0- Monsieur Etienne - Noeuds papillon fabriqu\u00e9s \u00e0 paris<\/h1>\n<\/div>\n<\/div>\n<\/div>\n<\/div>\n<\/div>\n<\/div>\n<\/div><\/div><\/div><\/div><div id=\"pg-41-1\"  class=\"panel-grid panel-no-style\" ><div id=\"pgc-41-1-0\"  class=\"panel-grid-cell\" ><div id=\"panel-41-1-0-0\" class=\"so-panel widget widget_sow-editor panel-first-child panel-last-child\" data-index=\"1\" ><div class=\"so-widget-sow-editor so-widget-sow-editor-base\"><h3 class=\"widget-title\">Pr\u00e9sentation \u00e0 domicile<\/h3>\n<div class=\"siteorigin-widget-tinymce textwidget\">\n\t<div class=\"wcp-caption-plugin\" ontouchstart=\"\" data-height=\"responsive\" id=\"wcp-widget-12\" style=\"\">\r\n\t<div class=\"wcp-loading\" style=\"background-image: url(http:\/\/www.monsieuretienne.com\/noeudpapillon\/wp-content\/plugins\/image-caption-hover\/includes\/images\/ajax-loader.gif)\"><\/div>\r\n\t\t\t\t\t<div class=\"image-caption-box\"> \r\n\t        \t<div\r\n\t        \t\tclass=\"caption no-effect captiontext\"\r\n\t        \t\tstyle=\"background-color: #ffffff;\r\n\t        \t\t    color: #000000;\r\n\t        \t\t    opacity: 0.8;\"\r\n\t        \t>\r\n\r\n\t        \t\t<div style=\"display:table;height:100%;width: 100%;\">\r\n\t\t\t    \t\t<div class=\"centered-text\" style=\"text-align: auto; padding: 5px;\">\r\n\t\t\t    \t\t\tSi tu ne viens pas \u00e0 Monsieur Etienne, Monsieur Etienne ira \u00e0 toi !<br\/>\nVous habitez Paris, des mod\u00e8les vous plaisent et vous souhaitez les d\u00e9couvrir sans sortir de chez vous ?<br\/>\nMonsieur Etienne vous propose une pr\u00e9sentation \u00e0 domicile d'une s\u00e9lection de 20 mod\u00e8les (5 de chaque collection pouvant inclure, sur demande, des mod\u00e8les in\u00e9dits non r\u00e9f\u00e9renc\u00e9s sur le site) accompagn\u00e9e d'une initiation \u00e0 l'art du nouage de n\u0153ud papillon.<br\/>\nDur\u00e9e des pr\u00e9sentations : 1 heure.<br\/>\nR\u00e9servation au plus tard 7 jours \u00e0 l'avance via la page <a href=..\/contact >contact<\/a>.<br\/>\nCo\u00fbt : 35 euros.\t\t\t    \t\t<\/div>\r\n\t\t    \t\t<\/div>\r\n\t        \t<\/div>\r\n\r\n\t\t        \t\t        \t<img class=\"wcp-caption-image img-make-responsive\" src=\"http:\/\/www.monsieuretienne.com\/v1.0\/wp-content\/uploads\/2016\/04\/Pr\u00e9sentation-\u00e0-domicile-IMG_3287-e1461190697775.jpg\" title=\"Pr\u00e9sentation \u00e0 domicile\" alt=\"Pr\u00e9sentation \u00e0 domicile\"\/>\r\n\t\t        \t\t\t<\/div>\r\n\r\n\t    <\/div>\r\n\r\n\n<\/div>\n<\/div><\/div><\/div><div id=\"pgc-41-1-1\"  class=\"panel-grid-cell\" ><div id=\"panel-41-1-1-0\" class=\"so-panel widget widget_sow-editor panel-first-child panel-last-child\" data-index=\"2\" ><div class=\"so-widget-sow-editor so-widget-sow-editor-base\"><h3 class=\"widget-title\">Livraison gratuite \u00e0 v\u00e9lo dans Paris<\/h3>\n<div class=\"siteorigin-widget-tinymce textwidget\">\n\t<div class=\"wcp-caption-plugin\" ontouchstart=\"\" data-height=\"responsive\" id=\"wcp-widget-13\" style=\"\">\r\n\t<div class=\"wcp-loading\" style=\"background-image: url(http:\/\/www.monsieuretienne.com\/noeudpapillon\/wp-content\/plugins\/image-caption-hover\/includes\/images\/ajax-loader.gif)\"><\/div>\r\n\t\t\t\t\t<div class=\"image-caption-box\"> \r\n\t        \t<div\r\n\t        \t\tclass=\"caption no-effect captiontext\"\r\n\t        \t\tstyle=\"background-color: #ffffff;\r\n\t        \t\t    color: #000000;\r\n\t        \t\t    opacity: 0.8;\"\r\n\t        \t>\r\n\r\n\t        \t\t<div style=\"display:table;height:100%;width: 100%;\">\r\n\t\t\t    \t\t<div class=\"centered-text\" style=\"text-align: auto; padding: 5px;\">\r\n\t\t\t    \t\t\tVoici un bon moyen de rencontrer Monsieur Etienne et de conna\u00eetre la petite (ou la grande) histoire qui se cache derri\u00e8re le tissu du n\u0153ud papillon que vous avez choisi.<br\/>\nTous les jeudis, Monsieur Etienne enfourche son v\u00e9lo pour sa tourn\u00e9e de livraison. Profitez-en et une fois votre commande valid\u00e9e, prenez rendez-vous pour convenir d'un horaire (entre 9h et 22h) en fonction des cr\u00e9neaux disponibles.<br\/>\nService disponible dans tout Paris.\t\t\t    \t\t<\/div>\r\n\t\t    \t\t<\/div>\r\n\t        \t<\/div>\r\n\r\n\t\t        \t\t        \t<img class=\"wcp-caption-image img-make-responsive\" src=\"http:\/\/www.monsieuretienne.com\/v1.0\/wp-content\/uploads\/2016\/04\/Livraison-gratuite-\u00e0-v\u00e9lo-IMG_3267-e1461101781597.jpg\" title=\"Livraison gratuite \u00e0 v\u00e9lo\" alt=\"Livraison gratuite \u00e0 v\u00e9lo\"\/>\r\n\t\t        \t\t\t<\/div>\r\n\r\n\t    <\/div>\r\n\r\n\n<\/div>\n<\/div><\/div><\/div><\/div><div id=\"pg-41-2\"  class=\"panel-grid panel-no-style\" ><div id=\"pgc-41-2-0\"  class=\"panel-grid-cell\" ><div id=\"panel-41-2-0-0\" class=\"so-panel widget widget_sow-editor panel-first-child panel-last-child\" data-index=\"3\" ><div class=\"so-widget-sow-editor so-widget-sow-editor-base\"><h3 class=\"widget-title\">Le \u00ab petit monsieur \u00bb<\/h3>\n<div class=\"siteorigin-widget-tinymce textwidget\">\n\t<div class=\"wcp-caption-plugin\" ontouchstart=\"\" data-height=\"responsive\" id=\"wcp-widget-6\" style=\"\">\r\n\t<div class=\"wcp-loading\" style=\"background-image: url(http:\/\/www.monsieuretienne.com\/noeudpapillon\/wp-content\/plugins\/image-caption-hover\/includes\/images\/ajax-loader.gif)\"><\/div>\r\n\t\t\t\t\t<div class=\"image-caption-box\"> \r\n\t        \t<div\r\n\t        \t\tclass=\"caption no-effect captiontext\"\r\n\t        \t\tstyle=\"background-color: #ffffff;\r\n\t        \t\t    color: #000000;\r\n\t        \t\t    opacity: 0.8;\"\r\n\t        \t>\r\n\r\n\t        \t\t<div style=\"display:table;height:100%;width: 100%;\">\r\n\t\t\t    \t\t<div class=\"centered-text\" style=\"text-align: justify; padding: 5px;\">\r\n\t\t\t    \t\t\tMonsieur Etienne habille tout le monde, mais tout le monde ne fait pas la m\u00eame taille ! <br\/>\nPour vous Mesdames et pour vous les enfants, une version affin\u00e9e du n\u0153ud papillon pointu, le \"petit monsieur\", est propos\u00e9e sur commande.<br\/>\nCo\u00fbt : 55 euros.\t\t\t    \t\t<\/div>\r\n\t\t    \t\t<\/div>\r\n\t        \t<\/div>\r\n\r\n\t\t        \t\t        \t<img class=\"wcp-caption-image img-make-responsive\" src=\"http:\/\/www.monsieuretienne.com\/v1.0\/wp-content\/uploads\/2016\/04\/Services-Femme-et-enfant-IMG_1308.jpg\" title=\"Le petit monsieur\" alt=\"Le petit monsieur\"\/>\r\n\t\t        \t\t\t<\/div>\r\n\r\n\t    <\/div>\r\n\r\n\n<\/div>\n<\/div><\/div><\/div><div id=\"pgc-41-2-1\"  class=\"panel-grid-cell\" ><div id=\"panel-41-2-1-0\" class=\"so-panel widget widget_sow-editor panel-first-child panel-last-child\" data-index=\"4\" ><div class=\"so-widget-sow-editor so-widget-sow-editor-base\"><h3 class=\"widget-title\">Cr\u00e9ation sur mesure<\/h3>\n<div class=\"siteorigin-widget-tinymce textwidget\">\n\t<div class=\"wcp-caption-plugin\" ontouchstart=\"\" data-height=\"responsive\" id=\"wcp-widget-14\" style=\"\">\r\n\t<div class=\"wcp-loading\" style=\"background-image: url(http:\/\/www.monsieuretienne.com\/noeudpapillon\/wp-content\/plugins\/image-caption-hover\/includes\/images\/ajax-loader.gif)\"><\/div>\r\n\t\t\t\t\t<div class=\"image-caption-box\"> \r\n\t        \t<div\r\n\t        \t\tclass=\"caption no-effect captiontext\"\r\n\t        \t\tstyle=\"background-color: #ffffff;\r\n\t        \t\t    color: #000000;\r\n\t        \t\t    opacity: 0.8;\"\r\n\t        \t>\r\n\r\n\t        \t\t<div style=\"display:table;height:100%;width: 100%;\">\r\n\t\t\t    \t\t<div class=\"centered-text\" style=\"text-align: auto; padding: 5px;\">\r\n\t\t\t    \t\t\tFaites-vous fabriquer un n\u0153ud papillon unique et sur\u00a0mesure dans le tissu de votre choix.<br\/>\nVous avez d\u00e9j\u00e0 votre tissu (un coupon d'au moins 30 cm par\u00a045 cm ) ? Il ne vous reste plus qu'\u00e0 nous contacter pour choisir le mod\u00e8le et pour passer commande.<br\/>\nVous voulez choisir un tissu ? Indiquez-nous les couleurs o\u00f9\u00a0l'univers que vous avez en t\u00eate, puis prenez rendez-vous \u00e0\u00a0l'atelier ou \u00e0 domicile pour d\u00e9couvrir la s\u00e9lection de tissus.<br\/>\nComptez 15 jours de d\u00e9lai de fabrication une fois la\u00a0commande pass\u00e9e. <br\/>\nCo\u00fbt : 92 euros\t\t\t    \t\t<\/div>\r\n\t\t    \t\t<\/div>\r\n\t        \t<\/div>\r\n\r\n\t\t        \t\t        \t<img class=\"wcp-caption-image img-make-responsive\" src=\"http:\/\/www.monsieuretienne.com\/v1.0\/wp-content\/uploads\/2016\/04\/Servives-retouches-IMG_2717-e1460931951192.jpg\" title=\"Service cr\u00e9ation sur mesure\" alt=\"Service cr\u00e9ation sur mesure\"\/>\r\n\t\t        \t\t\t<\/div>\r\n\r\n\t    <\/div>\r\n\r\n\n<\/div>\n<\/div><\/div><\/div><\/div><div id=\"pg-41-3\"  class=\"panel-grid panel-no-style\" ><div id=\"pgc-41-3-0\"  class=\"panel-grid-cell\" ><div id=\"panel-41-3-0-0\" class=\"so-panel widget widget_sow-editor panel-first-child panel-last-child\" data-index=\"5\" ><div class=\"so-widget-sow-editor so-widget-sow-editor-base\"><h3 class=\"widget-title\">Service retouche<\/h3>\n<div class=\"siteorigin-widget-tinymce textwidget\">\n\t<div class=\"wcp-caption-plugin\" ontouchstart=\"\" data-height=\"responsive\" id=\"wcp-widget-15\" style=\"\">\r\n\t<div class=\"wcp-loading\" style=\"background-image: url(http:\/\/www.monsieuretienne.com\/noeudpapillon\/wp-content\/plugins\/image-caption-hover\/includes\/images\/ajax-loader.gif)\"><\/div>\r\n\t\t\t\t\t<div class=\"image-caption-box\"> \r\n\t        \t<div\r\n\t        \t\tclass=\"caption no-effect captiontext\"\r\n\t        \t\tstyle=\"background-color: #ffffff;\r\n\t        \t\t    color: #000000;\r\n\t        \t\t    opacity: 0.8;\"\r\n\t        \t>\r\n\r\n\t        \t\t<div style=\"display:table;height:100%;width: 100%;\">\r\n\t\t\t    \t\t<div class=\"centered-text\" style=\"text-align: auto; padding: 5px;\">\r\n\t\t\t    \t\t\tLe bouton de votre  n\u0153ud papillon s'est d\u00e9cousu ? Vous avez achet\u00e9 sur le site ou en boutique un de nos mod\u00e8les mais le tour de cou est trop juste ou trop long pour vous ? C'est rare mais \u00e7a peut arriver.<br\/>\nN'h\u00e9sitez pas \u00e0 nous contacter. Monsieur Etienne vous l'ajustera gratuitement.\t\t\t    \t\t<\/div>\r\n\t\t    \t\t<\/div>\r\n\t        \t<\/div>\r\n\r\n\t\t        \t\t        \t<img class=\"wcp-caption-image img-make-responsive\" src=\"http:\/\/www.monsieuretienne.com\/v1.0\/wp-content\/uploads\/2016\/04\/Service-retouches-IMG_3256-e1461101771850.jpg\" title=\"Service retouche\" alt=\"Service retouche\"\/>\r\n\t\t        \t\t\t<\/div>\r\n\r\n\t    <\/div>\r\n\r\n\n<\/div>\n<\/div><\/div><\/div><div id=\"pgc-41-3-1\"  class=\"panel-grid-cell\" ><div id=\"panel-41-3-1-0\" class=\"so-panel widget widget_sow-editor panel-first-child panel-last-child\" data-index=\"6\" ><div class=\"so-widget-sow-editor so-widget-sow-editor-base\"><h3 class=\"widget-title\">Envoi gratuit d'\u00e9chantillons<\/h3>\n<div class=\"siteorigin-widget-tinymce textwidget\">\n\t<div class=\"wcp-caption-plugin\" ontouchstart=\"\" data-height=\"responsive\" id=\"wcp-widget-16\" style=\"\">\r\n\t<div class=\"wcp-loading\" style=\"background-image: url(http:\/\/www.monsieuretienne.com\/noeudpapillon\/wp-content\/plugins\/image-caption-hover\/includes\/images\/ajax-loader.gif)\"><\/div>\r\n\t\t\t\t\t<div class=\"image-caption-box\"> \r\n\t        \t<div\r\n\t        \t\tclass=\"caption no-effect captiontext\"\r\n\t        \t\tstyle=\"background-color: #ffffff;\r\n\t        \t\t    color: #000000;\r\n\t        \t\t    opacity: 0.8;\"\r\n\t        \t>\r\n\r\n\t        \t\t<div style=\"display:table;height:100%;width: 100%;\">\r\n\t\t\t    \t\t<div class=\"centered-text\" style=\"text-align: auto; padding: 5px;\">\r\n\t\t\t    \t\t\tLes mod\u00e8les sur lesquels vous avez craqu\u00e9 iront-ils vraiment avec vos tenues ? Pour le v\u00e9rifier, demandez un \u00e9chantillon du tissu. Monsieur Etienne vous l'enverra gratuitement, dans la limite des stocks disponibles bien-s\u00fbr.\t\t\t    \t\t<\/div>\r\n\t\t    \t\t<\/div>\r\n\t        \t<\/div>\r\n\r\n\t\t        \t\t        \t<img class=\"wcp-caption-image img-make-responsive\" src=\"http:\/\/www.monsieuretienne.com\/v1.0\/wp-content\/uploads\/2016\/04\/Envoi-d\u00e9chantillons-gratuits-IMG_3253-e1461101755942.jpg\" title=\"Envoi gratuit \u00e9chantillons\" alt=\"Envoi gratuit \u00e9chantillons\"\/>\r\n\t\t        \t\t\t<\/div>\r\n\r\n\t    <\/div>\r\n\r\n\n<\/div>\n<\/div><\/div><\/div><\/div><\/div>","protected":false},"excerpt":{"rendered":"<p>Services\u00a0&#8211; Monsieur Etienne &#8211; Noeuds papillon fabriqu\u00e9s \u00e0 paris<\/p>\n","protected":false},"author":1,"featured_media":0,"parent":0,"menu_order":0,"comment_status":"closed","ping_status":"closed","template":"template-without-title.php","meta":[],"yoast_head":"<!-- This site is optimized with the Yoast SEO plugin v15.3 - https:\/\/yoast.com\/wordpress\/plugins\/seo\/ -->\n<title>Services propos\u00e9s par Monsieur Etienne<\/title>\n<meta name=\"description\" content=\"Services propos\u00e9s par Monsieur Etienne : pr\u00e9sentation \u00e0 domicile de n\u0153uds papillon, livraison \u00e0 v\u00e9lo, cr\u00e9ation sur mesure, retouche et envoi d&#039;\u00e9chantillons\" \/>\n<meta name=\"robots\" content=\"index, follow, max-snippet:-1, max-image-preview:large, max-video-preview:-1\" \/>\n<link rel=\"canonical\" href=\"https:\/\/www.monsieuretienne.com\/noeudpapillon\/services\/\" \/>\n<meta property=\"og:locale\" content=\"fr_FR\" \/>\n<meta property=\"og:type\" content=\"article\" \/>\n<meta property=\"og:title\" content=\"Services propos\u00e9s par Monsieur Etienne\" \/>\n<meta property=\"og:description\" content=\"Services propos\u00e9s par Monsieur Etienne : pr\u00e9sentation \u00e0 domicile de n\u0153uds papillon, livraison \u00e0 v\u00e9lo, cr\u00e9ation sur mesure, retouche et envoi d&#039;\u00e9chantillons\" \/>\n<meta property=\"og:url\" content=\"https:\/\/www.monsieuretienne.com\/noeudpapillon\/services\/\" \/>\n<meta property=\"og:site_name\" content=\"Monsieur Etienne\" \/>\n<meta property=\"article:publisher\" content=\"http:\/\/facebook.com\/monsieuretienne.paris\" \/>\n<meta property=\"article:modified_time\" content=\"2016-05-13T11:26:06+00:00\" \/>\n<meta property=\"og:image\" content=\"http:\/\/www.monsieuretienne.com\/v1.0\/wp-content\/uploads\/2016\/04\/Pr\u00e9sentation-\u00e0-domicile-IMG_3287-e1461190697775.jpg\" \/>\n<meta name=\"twitter:label1\" content=\"\u00c9crit par\">\n\t<meta name=\"twitter:data1\" content=\"sylvain\">\n\t<meta name=\"twitter:label2\" content=\"Dur\u00e9e de lecture est.\">\n\t<meta name=\"twitter:data2\" content=\"2 minutes\">\n<script type=\"application\/ld+json\" class=\"yoast-schema-graph\">{\"@context\":\"https:\/\/schema.org\",\"@graph\":[{\"@type\":\"WebSite\",\"@id\":\"http:\/\/www.monsieuretienne.com\/noeudpapillon\/#website\",\"url\":\"http:\/\/www.monsieuretienne.com\/noeudpapillon\/\",\"name\":\"Monsieur Etienne\",\"description\":\"Noeuds papillon fabriqu\\u00e9s \\u00e0 Paris\",\"potentialAction\":[{\"@type\":\"SearchAction\",\"target\":\"http:\/\/www.monsieuretienne.com\/noeudpapillon\/?s={search_term_string}\",\"query-input\":\"required name=search_term_string\"}],\"inLanguage\":\"fr-FR\"},{\"@type\":\"ImageObject\",\"@id\":\"https:\/\/www.monsieuretienne.com\/noeudpapillon\/services\/#primaryimage\",\"inLanguage\":\"fr-FR\",\"url\":\"http:\/\/www.monsieuretienne.com\/v1.0\/wp-content\/uploads\/2016\/04\/Pr\\u00e9sentation-\\u00e0-domicile-IMG_3287-e1461190697775.jpg\"},{\"@type\":\"WebPage\",\"@id\":\"https:\/\/www.monsieuretienne.com\/noeudpapillon\/services\/#webpage\",\"url\":\"https:\/\/www.monsieuretienne.com\/noeudpapillon\/services\/\",\"name\":\"Services propos\\u00e9s par Monsieur Etienne\",\"isPartOf\":{\"@id\":\"http:\/\/www.monsieuretienne.com\/noeudpapillon\/#website\"},\"primaryImageOfPage\":{\"@id\":\"https:\/\/www.monsieuretienne.com\/noeudpapillon\/services\/#primaryimage\"},\"datePublished\":\"2016-03-31T21:35:58+00:00\",\"dateModified\":\"2016-05-13T11:26:06+00:00\",\"description\":\"Services propos\\u00e9s par Monsieur Etienne : pr\\u00e9sentation \\u00e0 domicile de n\\u0153uds papillon, livraison \\u00e0 v\\u00e9lo, cr\\u00e9ation sur mesure, retouche et envoi d'\\u00e9chantillons\",\"inLanguage\":\"fr-FR\",\"potentialAction\":[{\"@type\":\"ReadAction\",\"target\":[\"https:\/\/www.monsieuretienne.com\/noeudpapillon\/services\/\"]}]}]}<\/script>\n<!-- \/ Yoast SEO plugin. -->","_links":{"self":[{"href":"http:\/\/www.monsieuretienne.com\/noeudpapillon\/wp-json\/wp\/v2\/pages\/41"}],"collection":[{"href":"http:\/\/www.monsieuretienne.com\/noeudpapillon\/wp-json\/wp\/v2\/pages"}],"about":[{"href":"http:\/\/www.monsieuretienne.com\/noeudpapillon\/wp-json\/wp\/v2\/types\/page"}],"author":[{"embeddable":true,"href":"http:\/\/www.monsieuretienne.com\/noeudpapillon\/wp-json\/wp\/v2\/users\/1"}],"replies":[{"embeddable":true,"href":"http:\/\/www.monsieuretienne.com\/noeudpapillon\/wp-json\/wp\/v2\/comments?post=41"}],"version-history":[{"count":23,"href":"http:\/\/www.monsieuretienne.com\/noeudpapillon\/wp-json\/wp\/v2\/pages\/41\/revisions"}],"predecessor-version":[{"id":828,"href":"http:\/\/www.monsieuretienne.com\/noeudpapillon\/wp-json\/wp\/v2\/pages\/41\/revisions\/828"}],"wp:attachment":[{"href":"http:\/\/www.monsieuretienne.com\/noeudpapillon\/wp-json\/wp\/v2\/media?parent=41"}],"curies":[{"name":"wp","href":"https:\/\/api.w.org\/{rel}","templated":true}]}}