{"id":7,"date":"2016-03-31T21:07:19","date_gmt":"2016-03-31T20:07:19","guid":{"rendered":"http:\/\/monsieuretienne.com\/v1.0\/?page_id=7"},"modified":"2018-04-14T21:33:04","modified_gmt":"2018-04-14T20:33:04","slug":"contact","status":"publish","type":"page","link":"http:\/\/www.monsieuretienne.com\/noeudpapillon\/contact\/","title":{"rendered":"Contact"},"content":{"rendered":"<div id=\"pl-7\"  class=\"panel-layout\" ><div id=\"pg-7-0\"  class=\"panel-grid panel-no-style\" ><div id=\"pgc-7-0-0\"  class=\"panel-grid-cell\" ><div id=\"panel-7-0-0-0\" class=\"so-panel widget widget_sow-editor panel-first-child panel-last-child\" data-index=\"0\" ><div class=\"so-widget-sow-editor so-widget-sow-editor-base\">\n<div class=\"siteorigin-widget-tinymce textwidget\">\n\t<h1>Contact - Monsieur Etienne - Noeuds papillon fabriqu\u00e9s \u00e0 paris<\/h1>\n<\/div>\n<\/div><\/div><\/div><\/div><div id=\"pg-7-1\"  class=\"panel-grid panel-no-style\" ><div id=\"pgc-7-1-0\"  class=\"panel-grid-cell\" ><div id=\"panel-7-1-0-0\" class=\"so-panel widget widget_text panel-first-child\" data-index=\"1\" ><h3 class=\"widget-title\">Contact<\/h3>\t\t\t<div class=\"textwidget\">Pour contacter Monsieur Etienne, vous pouvez appeler le 06.24.93.80.36 ou bien utiliser le formulaire ci-dessous.<\/div>\n\t\t<\/div><div id=\"panel-7-1-0-1\" class=\"so-panel widget widget_sow-editor panel-last-child\" data-index=\"2\" ><div class=\"so-widget-sow-editor so-widget-sow-editor-base\">\n<div class=\"siteorigin-widget-tinymce textwidget\">\n\t<div role=\"form\" class=\"wpcf7\" id=\"wpcf7-f26-o1\" lang=\"fr-FR\" dir=\"ltr\">\n<div class=\"screen-reader-response\"><p role=\"status\" aria-live=\"polite\" aria-atomic=\"true\"><\/p> <ul><\/ul><\/div>\n<form action=\"\/noeudpapillon\/wp-json\/wp\/v2\/pages\/7#wpcf7-f26-o1\" method=\"post\" class=\"wpcf7-form init\" novalidate=\"novalidate\" data-status=\"init\">\n<div style=\"display: none;\">\n<input type=\"hidden\" name=\"_wpcf7\" value=\"26\" \/>\n<input type=\"hidden\" name=\"_wpcf7_version\" value=\"5.3\" \/>\n<input type=\"hidden\" name=\"_wpcf7_locale\" value=\"fr_FR\" \/>\n<input type=\"hidden\" name=\"_wpcf7_unit_tag\" value=\"wpcf7-f26-o1\" \/>\n<input type=\"hidden\" name=\"_wpcf7_container_post\" value=\"0\" \/>\n<input type=\"hidden\" name=\"_wpcf7_posted_data_hash\" value=\"\" \/>\n<\/div>\n<p>Votre nom<br \/>\n <span class=\"wpcf7-form-control-wrap your-name\"><input type=\"text\" name=\"your-name\" value=\"\" size=\"40\" class=\"wpcf7-form-control wpcf7-text wpcf7-validates-as-required\" aria-required=\"true\" aria-invalid=\"false\" \/><\/span> <br\/><\/p>\n<p>Votre email<br \/>\n <span class=\"wpcf7-form-control-wrap your-email\"><input type=\"email\" name=\"your-email\" value=\"\" size=\"40\" class=\"wpcf7-form-control wpcf7-text wpcf7-email wpcf7-validates-as-required wpcf7-validates-as-email\" aria-required=\"true\" aria-invalid=\"false\" \/><\/span><\/p>\n<p>Sujet<br \/>\n<span class=\"wpcf7-form-control-wrap Sujet\"><input type=\"text\" name=\"Sujet\" value=\"\" size=\"40\" class=\"wpcf7-form-control wpcf7-text wpcf7-validates-as-required\" aria-required=\"true\" aria-invalid=\"false\" \/><\/span> <br\/><\/p>\n<p>Votre message<br \/>\n<span class=\"wpcf7-form-control-wrap your-message\"><textarea name=\"your-message\" cols=\"40\" rows=\"10\" class=\"wpcf7-form-control wpcf7-textarea\" aria-invalid=\"false\"><\/textarea><\/span><\/p>\n<p><input type=\"hidden\" name=\"_wpcf7_captcha_challenge_captcha-504\" value=\"2405182241\" \/><img class=\"wpcf7-form-control wpcf7-captchac wpcf7-captcha-captcha-504\" width=\"84\" height=\"28\" alt=\"captcha\" src=\"http:\/\/www.monsieuretienne.com\/noeudpapillon\/wp-content\/uploads\/wpcf7_captcha\/2405182241.png\" \/><br \/>\n<span class=\"wpcf7-form-control-wrap captcha-504\"><input type=\"text\" name=\"captcha-504\" value=\"\" size=\"10\" maxlength=\"10\" class=\"wpcf7-form-control wpcf7-captchar\" autocomplete=\"off\" aria-invalid=\"false\" \/><\/span><\/p>\n<p><span class=\"wpcf7-form-control-wrap mailpoetsignup-256\"><input type=\"checkbox\" name=\"mailpoetsignup-256\" value=\"0\" class=\"wpcf7-form-control wpcf7-mailpoetsignup\" \/>&nbsp;<\/span><label for=\"mailpoetsignup-256\">Je souhaite m'abonner \u00e0 la newsletter<\/label>&nbsp;<\/p>\n<p><input type=\"submit\" value=\"Envoyer\" class=\"wpcf7-form-control wpcf7-submit\" \/><\/p>\n<div class=\"wpcf7-response-output\" aria-hidden=\"true\"><\/div><\/form><\/div>\n<\/div>\n<\/div><\/div><\/div><div id=\"pgc-7-1-1\"  class=\"panel-grid-cell\" ><div id=\"panel-7-1-1-0\" class=\"so-panel widget widget_text panel-first-child\" data-index=\"3\" ><h3 class=\"widget-title\">Points de vente<\/h3>\t\t\t<div class=\"textwidget\"><a href=\"https:\/\/bienbienhabilles.fr\/\" target=\"blank\" rel=\"noopener noreferrer\">Bien Bien Habill\u00e9s<\/a><br\/>\nAdresse : 35 rue des Dames, Paris 17\u00e8me<br\/>\nM\u00e9tro : Place de Clichy - Lignes 2 et 13<br\/>\nHoraires : du mardi au samedi 11h-20h (sauf Jeudi 12h-21h ) et le dimanche 14h-19h <\/div>\n\t\t<\/div><div id=\"panel-7-1-1-1\" class=\"so-panel widget widget_sow-google-map panel-last-child\" data-index=\"4\" ><div class=\"panel-widget-style panel-widget-style-for-7-1-1-1\" ><div class=\"so-widget-sow-google-map so-widget-sow-google-map-default-67982931ae57\">\n<div class=\"sow-google-map-canvas\"\n\tstyle=\"\"\n\tid=\"map-canvas-a7810eb595d238ccb3dc3254c53b56e2\"\n\tdata-options=\"{&quot;address&quot;:&quot;35 rue des dames, 75017 PARIS&quot;,&quot;zoom&quot;:16,&quot;mobileZoom&quot;:16,&quot;gestureHandling&quot;:&quot;greedy&quot;,&quot;disableUi&quot;:false,&quot;keepCentered&quot;:false,&quot;markerIcon&quot;:&quot;&quot;,&quot;markersDraggable&quot;:false,&quot;markerAtCenter&quot;:true,&quot;markerInfoDisplay&quot;:&quot;click&quot;,&quot;markerInfoMultiple&quot;:true,&quot;markerPositions&quot;:&quot;&quot;,&quot;mapName&quot;:&quot;&quot;,&quot;mapStyles&quot;:&quot;&quot;,&quot;directions&quot;:&quot;&quot;,&quot;apiKey&quot;:&quot;&quot;,&quot;breakpoint&quot;:&quot;780&quot;}\"\n\tdata-fallback-image=\"{&quot;img&quot;:&quot;&quot;}\"><\/div>\n<\/div><\/div><\/div><\/div><\/div><\/div>","protected":false},"excerpt":{"rendered":"<p>Contact &#8211; Monsieur Etienne &#8211; Noeuds papillon fabriqu\u00e9s \u00e0 paris Pour contacter Monsieur Etienne, vous pouvez appeler le 06.24.93.80.36 ou bien utiliser le formulaire ci-dessous. Bien Bien Habill\u00e9s Adresse : 35 rue des Dames, Paris 17\u00e8me M\u00e9tro : Place de&#8230;<br \/><a class=\"read-more-button\" href=\"http:\/\/www.monsieuretienne.com\/noeudpapillon\/contact\/\">Savoir plus<\/a><\/p>\n","protected":false},"author":1,"featured_media":0,"parent":0,"menu_order":0,"comment_status":"closed","ping_status":"closed","template":"template-without-title.php","meta":[],"yoast_head":"<!-- This site is optimized with the Yoast SEO plugin v15.3 - https:\/\/yoast.com\/wordpress\/plugins\/seo\/ -->\n<title>Contact et points de vente - Monsieur Etienne - N\u0153uds papillon<\/title>\n<meta name=\"description\" content=\"Page contact de Monsieur Etienne - N\u0153uds papillon - Retrouvez Monsieur Etienne \u00e0 la boutique &quot;29 f\u00e9vrier&quot; au 29 Rue Lemercier, Paris 17\u00e8me\" \/>\n<meta name=\"robots\" content=\"index, follow, max-snippet:-1, max-image-preview:large, max-video-preview:-1\" \/>\n<link rel=\"canonical\" href=\"http:\/\/www.monsieuretienne.com\/noeudpapillon\/contact\/\" \/>\n<meta property=\"og:locale\" content=\"fr_FR\" \/>\n<meta property=\"og:type\" content=\"article\" \/>\n<meta property=\"og:title\" content=\"Contact et points de vente - Monsieur Etienne - N\u0153uds papillon\" \/>\n<meta property=\"og:description\" content=\"Page contact de Monsieur Etienne - N\u0153uds papillon - Retrouvez Monsieur Etienne \u00e0 la boutique &quot;29 f\u00e9vrier&quot; au 29 Rue Lemercier, Paris 17\u00e8me\" \/>\n<meta property=\"og:url\" content=\"http:\/\/www.monsieuretienne.com\/noeudpapillon\/contact\/\" \/>\n<meta property=\"og:site_name\" content=\"Monsieur Etienne\" \/>\n<meta property=\"article:publisher\" content=\"http:\/\/facebook.com\/monsieuretienne.paris\" \/>\n<meta property=\"article:modified_time\" content=\"2018-04-14T20:33:04+00:00\" \/>\n<meta name=\"twitter:label1\" content=\"\u00c9crit par\">\n\t<meta name=\"twitter:data1\" content=\"sylvain\">\n\t<meta name=\"twitter:label2\" content=\"Dur\u00e9e de lecture est.\">\n\t<meta name=\"twitter:data2\" content=\"0 minute\">\n<script type=\"application\/ld+json\" class=\"yoast-schema-graph\">{\"@context\":\"https:\/\/schema.org\",\"@graph\":[{\"@type\":\"WebSite\",\"@id\":\"http:\/\/www.monsieuretienne.com\/noeudpapillon\/#website\",\"url\":\"http:\/\/www.monsieuretienne.com\/noeudpapillon\/\",\"name\":\"Monsieur Etienne\",\"description\":\"Noeuds papillon fabriqu\\u00e9s \\u00e0 Paris\",\"potentialAction\":[{\"@type\":\"SearchAction\",\"target\":\"http:\/\/www.monsieuretienne.com\/noeudpapillon\/?s={search_term_string}\",\"query-input\":\"required name=search_term_string\"}],\"inLanguage\":\"fr-FR\"},{\"@type\":\"WebPage\",\"@id\":\"http:\/\/www.monsieuretienne.com\/noeudpapillon\/contact\/#webpage\",\"url\":\"http:\/\/www.monsieuretienne.com\/noeudpapillon\/contact\/\",\"name\":\"Contact et points de vente - Monsieur Etienne - N\\u0153uds papillon\",\"isPartOf\":{\"@id\":\"http:\/\/www.monsieuretienne.com\/noeudpapillon\/#website\"},\"datePublished\":\"2016-03-31T20:07:19+00:00\",\"dateModified\":\"2018-04-14T20:33:04+00:00\",\"description\":\"Page contact de Monsieur Etienne - N\\u0153uds papillon - Retrouvez Monsieur Etienne \\u00e0 la boutique \\\"29 f\\u00e9vrier\\\" au 29 Rue Lemercier, Paris 17\\u00e8me\",\"inLanguage\":\"fr-FR\",\"potentialAction\":[{\"@type\":\"ReadAction\",\"target\":[\"http:\/\/www.monsieuretienne.com\/noeudpapillon\/contact\/\"]}]}]}<\/script>\n<!-- \/ Yoast SEO plugin. -->","_links":{"self":[{"href":"http:\/\/www.monsieuretienne.com\/noeudpapillon\/wp-json\/wp\/v2\/pages\/7"}],"collection":[{"href":"http:\/\/www.monsieuretienne.com\/noeudpapillon\/wp-json\/wp\/v2\/pages"}],"about":[{"href":"http:\/\/www.monsieuretienne.com\/noeudpapillon\/wp-json\/wp\/v2\/types\/page"}],"author":[{"embeddable":true,"href":"http:\/\/www.monsieuretienne.com\/noeudpapillon\/wp-json\/wp\/v2\/users\/1"}],"replies":[{"embeddable":true,"href":"http:\/\/www.monsieuretienne.com\/noeudpapillon\/wp-json\/wp\/v2\/comments?post=7"}],"version-history":[{"count":43,"href":"http:\/\/www.monsieuretienne.com\/noeudpapillon\/wp-json\/wp\/v2\/pages\/7\/revisions"}],"predecessor-version":[{"id":74,"href":"http:\/\/www.monsieuretienne.com\/noeudpapillon\/wp-json\/wp\/v2\/pages\/7\/revisions\/74"}],"wp:attachment":[{"href":"http:\/\/www.monsieuretienne.com\/noeudpapillon\/wp-json\/wp\/v2\/media?parent=7"}],"curies":[{"name":"wp","href":"https:\/\/api.w.org\/{rel}","templated":true}]}}